 2*d. Suppose x - d + 44 = 0. Is x composite?
True
Suppose -3*d + 3748 = d. Suppose v - 201 = -2*t - 2*t, 0 = -5*v - 3*t + d. Is v a composite number?
True
Let n be 23861 + 2 + 4/4 + 0. Is (-2)/(-6) + (-4 - n/(-12)) composite?
True
Let x = 4 - -2. Let d be (x/(-10))/(2/10). Let z = d - -13. Is z composite?
True
Suppose -2*h = t + 4*t - 13509, -3*h - 3*t = -20268. Is h a prime number?
False
Suppose -2*b + d = -5*b + 8823, -5*d = 2*b - 5882. Is b prime?
False
Suppose h + 3*h + 2*m = 5604, 2*m + 5604 = 4*h. Is h prime?
False
Suppose 2*r - 10 = 6. Let g be 2818/r - 12/(-16). Is 10/25 + g/5 prime?
True
Let o = 42557 + -21126. Is o prime?
False
Suppose x - 607 = 786. Let k = -486 + x. Is k prime?
True
Let q(h) = -548*h - 14. Is q(-6) composite?
True
Suppose 2*p + 26 = 4*p. Let k = p + -13. Suppose k = -4*j + 7*j - 507. Is j prime?
False
Suppose -6*q = -36 - 3306. Is q composite?
False
Suppose x + 10 = 6*x. Is ((-422)/(1 - 2))/(x + -1) composite?
True
Let g(a) = 109*a**2 - 14*a - 166. Is g(-7) a prime number?
True
Is ((-7700)/(-12) - 4)/(2/30) a composite number?
True
Let a = -1775 + 2912. Suppose -m + 4*x = 2*m - a, -4*m + 4*x + 1516 = 0. Is m a composite number?
False
Is (1 + -2 + 2910)*(33 - 30) composite?
True
Let z = 20030 - 12417. Is z composite?
True
Let w(x) = 1676*x + 40. Let j be w(-9). Is 4/(-6) + j/(-12) prime?
False
Let a = 14848 + -5483. Is a prime?
False
Suppose -2868202 = -49*q + 11*q. Is q composite?
False
Let y(s) = 75*s**2 - s + 1. Is y(-6) prime?
True
Suppose 40151 - 143923 = -4*t. Is t a composite number?
False
Is 7*1*34616/56 a prime number?
True
Let o(t) = -43*t - 106. Is o(-35) composite?
False
Suppose -726285 = -73*i + 520336. Is i composite?
False
Let m(r) = 36*r**3 + 5*r**2 + 2*r + 6. Let u be m(-3). Suppose 6584 = -5*t + 2*s, -4*t = -9*t - 5*s - 6570. Let y = u - t. Is y composite?
False
Let k = 18022 + -9927. Is k a prime number?
False
Let j be (-4)/(-8) + (-15)/(-2). Suppose j*r - 3*r = 1910. Is r prime?
False
Is ((-12570)/25)/3*4715/(-46) a composite number?
True
Let z(u) = -u**3 + 2*u**2 + 2*u + 293. Let y(j) = -j**3 + 3*j**2 - 4. Let w be y(2). Is z(w) composite?
False
Let y be 0 - (-3)/(-9)*0. Suppose y = 3*o + 2*g - 769, 4*g - 524 + 22 = -2*o. Is o prime?
False
Is 107624/20 - (-15)/(-75) composite?
False
Suppose w - 17 = -4*q, 2*w + 14 + 17 = 5*q. Suppose 2*d = -7 - q. Is ((-21)/d)/((-4)/(-40)) a composite number?
True
Suppose q + 1931 = 2*q. Is q a composite number?
False
Suppose -3*h = 2*a + 7, 0 = 2*h - 3*a - a + 10. Let r = 142 + h. Suppose r = 2*t + 21. Is t prime?
True
Let u = -133 - -620. Is u composite?
False
Let j(a) = -225*a**3 + 3*a**2 - 3*a + 1. Is j(-4) composite?
False
Let d = 6 + -6. Suppose -7*s + 2*s - 80 = d. Let f = 19 + s. Is f a composite number?
False
Let j be (-2727)/7 - 12/28. Let o = -277 - j. Is o prime?
True
Let o be (696/(-20) + 0)*-5. Suppose 2*p + p - o = 0. Is p a prime number?
False
Let l = -13 + 11. Let w be 601/l - (-5)/10. Let v = 433 + w. Is v a composite number?
True
Let j(v) = 2*v**2 + 7*v + 67. Is j(-8) a prime number?
True
Let n be -2 + (9180 - 1) + 12/(-6). Suppose 4*h + n = 9*h. Is h a prime number?
False
Let x be 4 + -4 + -2 + 2500*1. Let w = x + 1861. Is w a prime number?
False
Let o = -36 - -35. Is 101/((-10)/15 - o) prime?
False
Let h be 4/(-6)*(-105)/10. Let a = h - 2. Suppose -5*s + 348 = p, -3*p = a*s - 228 - 126. Is s a prime number?
False
Let b(f) = 41*f**2 + 11*f - 10*f - 12*f**2 - 1. Is b(3) composite?
False
Suppose 18*k - 56*k + 404510 = 0. Is k a composite number?
True
Let w = -1209 - -2482. Is w prime?
False
Is (19724/6 - 0)*(-210)/(-28) prime?
False
Let f(h) be the second derivative of -9*h**3 + 17*h**2/2 - h. Suppose -5*u = 4*i + 62, i = 4*u - 0*i + 37. Is f(u) a prime number?
True
Let v(t) = 12*t + 31. Suppose 3*k = 7*k - 76. Is v(k) a prime number?
False
Suppose 9 = 4*b + 1. Let w be 0*(2 + (-6)/b). Suppose -2*o = -8 - w. Is o composite?
True
Suppose 5*o - t = 19, -o - t + 0*t - 1 = 0. Let m be (6 - o) + -1*1. Suppose 148 = -0*b + m*b. Is b a prime number?
False
Let d = -6152 + 13093. Is d a prime number?
False
Suppose -p = 5*p + 318. Let l = p + 454. Is l a prime number?
True
Let m = 2841 - 1724. Is m a composite number?
False
Suppose 51*v = 47*v + 6772. Is v a composite number?
False
Let u be -62 - (0 - -1)/(7/(-21)). Let r = 153 + u. Is r a composite number?
True
Is 13247*(-9)/(-8) - (-25)/200 a prime number?
False
Suppose 184 = 5*g - 7891. Let j = g + -962. Is j a prime number?
True
Suppose -2*t + 236943 = 5*q, 5*t = -q - 3536 + 50920. Is q composite?
False
Let u(q) = 12*q**2 - q - 42. Is u(11) prime?
True
Let y(o) = o**2 + 5*o + 8. Let x be y(-4). Is 1115 + (-14 + x)*(-2)/(-5) a composite number?
True
Suppose -c + 72 = 3*c. Suppose i - 19 = c. Is i prime?
True
Suppose -2*x + 4 = 2*l, x - 4*l + 4 = -8*l. Let y = -6 - x. Let c = 99 + y. Is c prime?
True
Suppose -194591 = 87*i - 88*i. Is i composite?
False
Suppose 370 - 1483 = -7*d. Is d composite?
True
Suppose -6*y = -y - 2*i - 257, 5*y - 253 = 3*i. Suppose 0 = -50*j + y*j - 597. Is j composite?
False
Suppose 4*o = -z - 0*z + 153, -z = -3*o + 106. Let i = o - 63. Is i*2/(4/(-31)) composite?
True
Let l be -12 - (0 - -1 - -1). Let k = l + -25. Let d = 72 + k. Is d a prime number?
False
Let h(s) = -367*s - 22. Suppose -3*x = -3, 0*p - 5*x = -4*p - 17. Is h(p) a prime number?
False
Let j = -1907 + 2716. Is j a prime number?
True
Let f(t) = -5*t**3 - t**2 - t - 2. Let o(w) = w**2 - 2. Let h be o(3). Let g = h + -10. Is f(g) a composite number?
False
Let q(p) = -p**2 + 2*p + 3. Let u be q(4). Let a(r) be the third derivative of -3*r**4/8 + r**3 + r**2. Is a(u) a composite number?
True
Suppose -7*y = -16*y + 15597. Is y a prime number?
True
Suppose -3*a + 4*h = -46, -a + 2*h = -6 - 12. Suppose 2*p - f - 2 = -4*f, -3*p = -2*f + a. Is ((-33)/(-9))/(p/(-354)) composite?
True
Let m be 12/3 - 1 - -182. Let t = 262 - m. Is t a prime number?
False
Let x(d) = 693*d**2 - 12*d + 20. Is x(5) a prime number?
False
Let l(t) = -t**3 - 3*t**2 - 2*t - 1. Let a be l(-2). Let p be 1*34*a/2. Let q = 32 + p. Is q prime?
False
Suppose -4*l - f + 36313 = 0, -22*l = -18*l - 5*f - 36331. Is l a prime number?
False
Suppose 0 = -55*v + 64*v - 56961. Is v a prime number?
True
Let i(m) = 6*m - 1. Let d(w) = w + 15. Let u be d(-14). Let g be i(u). Suppose 3*b = -b + 4*v + 24, -g*b + 6 = 3*v. Is b a composite number?
False
Let r = 233 + -466. Let h = r + 336. Suppose j = -h + 776. Is j composite?
False
Let v(q) = -4*q**3 + q**2 - 10*q + 10. Let j(w) = w**3 + 1. Let n(o) = -5*j(o) - v(o). Is n(-9) composite?
True
Suppose 20*i = 24*i - 556. Let j = i + -81. Is j a prime number?
False
Let p be 10/25 - 1406/(-10). Let d be p/6*-2*-19. Is (4 - d)/((-1)/1) a composite number?
True
Let w(v) = -5*v**2 + 5*v + 33 + v**3 - 53 + 33. Is w(5) prime?
False
Let x = -13282 - -26177. Is x composite?
True
Suppose -7*i + 5713 + 42363 = 0. Suppose c - 5*c + i = 0. Is c composite?
True
Let a(t) = -10*t + 2. Let p be a(-2). Suppose p*x = 5*x + 2822. Is x composite?
True
Let u = -21 + 26. Suppose s - u*s = -628. Is s composite?
False
Let w = 2511 - 7671. Let l be 4/6 - w/9. Suppose 305 = 3*j - l. Is j prime?
True
Suppose 35*m = 48*m - 160147. Is m a composite number?
True
Suppose 0 = -6*y + 2*y + 3*v, -17 = -3*y - 2*v. Let o(u) = 8*u**2 - u + 14. Is o(y) prime?
True
Suppose 2*f - 12 = 4*k, 2*f + 2*k + 15 = -3*k. Suppose 2*y + 137 = 3*z, -z - 3*z + 3*y + 181 = f. Is z a composite number?
True
Suppose 4*q + 0 - 16 = 0. Suppose 5*c - 2*r + q*r = 34, -3*c - r = -20. Suppose 2*p - 3*a - 53 = 0, -a + c*a = 4*p - 103. Is p composite?
True
Let g(k) = 189*k**2 - 6*k. Let j be g(5). Suppose -j = -4*n + 5013. Is n a prime number?
False
Is 2160505/115*(1 - 0) prime?
True
Let d = 4901 - -3138. Is d prime?
True
Let d(l) = l**2 + 7*l + 12. Let z be d(-6). Is 6444/21 + z/42 a prime number?
True
Let v(i) = -i**3 + 3*i**2 + 6*i - 4. Let w be v(4). Suppose 4*u - 3*f + 6 = 0, w*f + 0 = -3*u - 17. Is (u + 0 + -632)/(-1) composite?
True
Let l(q) = 1551*q - 247. Is l(14) composite?
False
Let r = -416 - -958. Let s = r - 195. Is s prime?
True
Suppose 5*k = -2*x + 21097, -9*x = -k - 4*x + 4214. Is k prime?
True
Let b = -125 + -63. Let r = b - -769. Suppose -3*d + w = -4*w - 583, -4*